02. What is the highest common divisor of 76 and x?
38
Let r = 60 - 123. Let g = r - -156. Suppose 29 = -4*k + g. Calculate the greatest common factor of k and 80.
16
Suppose -53*w + 188*w - 1046 = 1114. What is the highest common divisor of 22528 and w?
16
Let t = 5731 - 3057. Calculate the highest common factor of 28 and t.
14
Let h(v) = -v**3 - 23*v**2 + 43*v - 143. Let p be h(-25). What is the greatest common factor of 2656 and p?
32
Suppose -259*s = -269*s + 4040. What is the highest common divisor of s and 12?
4
Let c(l) = l**2 - 22*l + 63. Let d be c(19). Let t be (0 - d)*(-40)/(-24)*-25. Calculate the highest common factor of 50 and t.
50
Let i = -277 - -229. Let l be (-244)/(-6) - 64/i. Calculate the greatest common factor of 24 and l.
6
Let m(l) = l**2 - 18*l - 12. Let q be m(13). Let r = q - -92. Let c(h) = h**2 - 3*h - 10. Let g be c(10). Calculate the greatest common factor of r and g.
15
Let k = 6093 + -6013. Calculate the greatest common factor of k and 4832.
16
Let d(p) = -98*p. Let c be d(-1). Let g = -117 - -93. Let x be ((-126)/g)/(5/(-8) - -1). Calculate the highest common divisor of x and c.
14
Suppose 287 = 4*s + 23. Calculate the highest common divisor of 6501 and s.
33
Let z be (-6128)/(-42) + 8/3*41/1148. Calculate the highest common divisor of 5183 and z.
73
Suppose -91 - 104 = -39*m. Calculate the greatest common factor of m and 345.
5
Let u(o) = 9*o**2 + 41*o - 42. Let l be u(-6). Calculate the highest common divisor of 7290 and l.
18
Suppose 923 = 21*n - 14323. Let t = 1392 - n. Calculate the greatest common factor of t and 36.
18
Suppose 3*u + 222 = -2*l + 729, -5*l + 3*u + 1257 = 0. What is the greatest common divisor of l and 2968?
28
Suppose c + 4*c = 2665. Suppose c = 3*k + 92. What is the greatest common divisor of k and 21?
21
Let d = -99 - -106. Suppose -d*v + 4*v + 45 = 0. What is the highest common divisor of v and 25?
5
Let u(x) = 3087*x - 21561. Let a be u(7). Suppose 5*y + 0*y = 5. Let i = 5 + y. What is the greatest common factor of i and a?
6
Let q(i) = -i**2 + 3*i + 5. Let n be q(4). Let w(j) = 8*j**2 - 106*j - 207. Let m be w(15). What is the greatest common divisor of m and n?
1
Let v(z) = 2*z**2 - 187*z - 1159. Let l be v(-6). What is the highest common divisor of 205 and l?
5
Let i(l) = -l**3 - 5*l**2 + 7*l + 9. Let m be i(-6). Let x(k) = -37*k**2 + 188*k + 60. Let w be x(5). Calculate the greatest common divisor of m and w.
3
Let j(a) = 13*a - 85. Let d be j(-28). Let x = d + 458. What is the greatest common divisor of 144 and x?
9
Let a be 28/(-21)*(-4)/((-12)/(-63)). Suppose -4*y = 8 - a. Suppose f - y*f - 2*l = -54, 0 = 5*f - 5*l - 45. Calculate the highest common factor of 3 and f.
3
Let s(t) be the first derivative of 5*t**2/2 - 18*t + 91. Let q be s(4). What is the greatest common divisor of 34 and q?
2
Let c be (0 - 4/10)/((-3)/45). Suppose -7*p - 135 = -4*p. Let r be (c/p*-36)/((-3)/(-15)). Calculate the greatest common factor of r and 168.
24
Let w be (11/((-33)/24))/(-4). Suppose -j = 0, 4*o - w*o - j - 4 = 0. What is the highest common divisor of 50 and o?
2
Let s = -162 + 164. Suppose -s*a = -23 + 5. What is the highest common factor of a and 15?
3
Let f(z) = -z**3 - 3*z**2 + z + 891. Let a be f(0). Suppose -a = -q - 26*q. Suppose -4*x = 3*b, b = 2 - 6. What is the highest common factor of q and x?
3
Let n be 13/(65/(-20415))*-1. Let a = n - 2254. Calculate the highest common factor of 31 and a.
31
Let o = 19 + -17. Suppose -788 = 6*g - o*g. Let x = -131 - g. Calculate the highest common factor of x and 6.
6
Suppose 0 = 4*v - 3*g - 124, 5*v - 21*g = -19*g + 162. Calculate the highest common divisor of v and 252.
2
Suppose 4*h + 26*h - 150 = 0. Suppose -5*m - h*v - 16 + 461 = 0, 2*m - v = 175. What is the greatest common factor of m and 11?
11
Let u be 2*1 - (30 + -2). Let b(a) = -22*a - 736. Let s be b(-36). Let n = u + s. What is the greatest common divisor of n and 210?
30
Suppose -27*n = -3241 - 2432 + 624. What is the highest common factor of 11407 and n?
187
Let r be (-65 - 79)*2/(-16) - (2 - -13). Let z = -7 + 65. Let n be (-1)/(-2) + z/4. What is the highest common factor of n and r?
3
Let o(c) = -25*c - 41 - 12*c**2 + 6*c**2 + 5*c**2. Let x be o(-17). What is the highest common factor of 10 and x?
5
Let w be 1 + 6*(-1)/(-2). Let i = w + -3. Suppose 21*m + 129 = 276. What is the highest common factor of m and i?
1
Let l(o) = o**3 - 13*o**2 + 9*o - 14. Let u be l(11). Let j = u + 201. Calculate the highest common divisor of 22 and j.
22
Let t be (681/908)/(3/(-7)*6/(-25632)). Calculate the highest common divisor of t and 84.
84
Let u = -3691 - -3973. Calculate the highest common divisor of 705 and u.
141
Suppose 2*h = 12*g - 2184, -5*h - 156 = -g + 26. Calculate the greatest common factor of g and 266.
14
Let t(i) = i + 82. Let y be t(-26). Let r(d) = -d**3 + 3*d**2 + d + 20. Let u be r(4). What is the greatest common factor of y and u?
8
Let w(p) be the second derivative of 5*p**3 + 15*p**2/2 + p. Let x be w(3). Let k = 53 - 32. Calculate the greatest common factor of x and k.
21
Suppose -u = 18*u - 3686. Suppose c + 89 = u. What is the highest common divisor of c and 30?
15
Suppose -8*t - 23 = 1. Let c be 246/21 + t*(-2)/21. Calculate the highest common divisor of 16 and c.
4
Suppose -18*p = -13*p - 640. Suppose -5*x + 28 = 4*y, 0*x + x + y - 5 = 0. Calculate the greatest common factor of x and p.
8
Let y be -2 + (0 - (-38)/2). Let g = -10930 + 10947. What is the highest common factor of y and g?
17
Suppose 86*c = 88*c + 5*p - 9372, 4*c = 2*p + 18696. What is the greatest common factor of c and 167?
167
Suppose -79 = -4*t - 19. Let o be 2/5 - (-384)/40. What is the greatest common factor of t and o?
5
Let z = 39 + 176. Suppose 4*d = 5*v + 305, 4*v - z - 37 = -3*d. What is the greatest common factor of d and 104?
8
Let o be (8 - 4)*(-3777)/(-12). Suppose -o - 2381 = -8*i. What is the greatest common factor of 91 and i?
91
Suppose -f = -2*m - 88, -3*f + m + 264 = -m. Suppose f*i = 73*i + 45. Suppose 2*q - 108 = -2*q. Calculate the greatest common divisor of i and q.
3
Let r be (24/10)/(9 + (-1802832)/200320). Calculate the highest common divisor of r and 939.
313
Let d = -7 + 119. Let t = d + -28. Let u = t - 40. What is the highest common divisor of 308 and u?
44
Let j be (2 - (3 - (5 + 6)))*11. Let y(x) = 28*x - 4. Let p be y(3). Calculate the greatest common divisor of p and j.
10
Let m be ((-2416)/(-6))/((-28)/18*261/(-609)). What is the highest common divisor of 20 and m?
4
Let s = -11 - -48. Suppose 7*r = -9 + s. Suppose 0 = o - r*o + 6. Calculate the greatest common divisor of 16 and o.
2
Let g(p) = p**2 - 2*p - 1728. Let k be g(-42). What is the greatest common factor of 4110 and k?
30
Let b = -14 + 22. Suppose -10*j + 537 = -23. What is the highest common factor of b and j?
8
Suppose -3*p - f + 11 = 0, -p - 2*p + 3 = -3*f. Suppose 26 - 14 = p*n. Let c(w) = w**2 + 3*w + 7. Let o be c(n). What is the greatest common divisor of 5 and o?
5
Suppose 313*d - 304*d = 828. Calculate the greatest common divisor of 759 and d.
23
Suppose -7*y + 10 = -18. Suppose n + 15 - 43 = 5*p, 2*n - 44 = y*p. Let s be 10/(-20) - 50/(-4). Calculate the greatest common factor of n and s.
6
Let a(m) = -2*m**3 - 199*m**2 + 95*m - 357. Let t be a(-100). Calculate the highest common divisor of t and 55.
11
Let j be (1 - -2)/(3/3). Suppose 2*g + 2*w = 264, -j*g + 19*w - 17*w + 411 = 0. Calculate the greatest common divisor of g and 120.
15
Suppose -32 - 88 = -4*z. Let w(v) = -31*v**2 - z + 14*v**2 + 18*v**2 + 10*v. Let m be w(-13). Calculate the greatest common divisor of 36 and m.
9
Let q = 3343 + -3298. What is the greatest common factor of 2085 and q?
15
Let g = -95 - -141. Suppose 2*h = 50 + g. What is the highest common divisor of h and 336?
48
Suppose -2400 - 1780 = -19*t. Calculate the greatest common factor of 12 and t.
4
Let c = 114 - 99. Let f be (-8841)/(-49) + (-12)/28. Calculate the highest common factor of f and c.
15
Let y be (896/49)/(-8)*(-210)/20. Let p be (-4 + 40)*4/6. Calculate the greatest common factor of p and y.
24
Let t = 45 - 43. Suppose -c = -s + c + 11, -t*s - 2*c - 2 = 0. Suppose 450 = 5*u + 5*a, a = -s*a - 20. What is the highest common factor of u and 19?
19
Let 